{"id":171,"date":"2018-12-11T10:14:44","date_gmt":"2018-12-11T10:14:44","guid":{"rendered":"http:\/\/bodai.unibs.it\/bdsports\/?page_id=171"},"modified":"2023-12-11T15:21:28","modified_gmt":"2023-12-11T14:21:28","slug":"phd-theses","status":"publish","type":"page","link":"https:\/\/bodai.unibs.it\/bdsports\/teaching\/phd-theses\/","title":{"rendered":"PhD Theses"},"content":{"rendered":"<h1>PhD theses<\/h1>\n<p>&nbsp;<\/p>\n<hr \/>\n<h6>\u00a0PhD in Statistics and Optimisation<\/h6>\n<p>UPV Universitat Polit\u00e8cnica de Val\u00e8ncia, Spain<\/p>\n<h4>Thesis: Machine Learning and Multivariate Statistical tools for Football Analytics<\/h4>\n<p><strong>PhD Student:<\/strong> Mar\u00eda del Pilar Malag\u00f3n Selma<\/p>\n<p><strong>Supervisor: <\/strong>Ana Deb\u00f3n Aucejo<br \/>\n<strong>Co-supervisor:\u00a0<\/strong>Alberto J. Ferrer Riquelme<\/p>\n<p>with interniship at University of Brescia, BDsports project (tutor: Maurizio Carpita)<\/p>\n<p><a class=\"button w-button w--current\" href=\"https:\/\/bodai.unibs.it\/bdsports\/wp-content\/uploads\/sites\/2\/2023\/12\/Tesi-PILAR-MALAGON.pdf\">Thesis<\/a><\/p>\n<hr \/>\n<h6>PhD in Analytics for Economics and Management<\/h6>\n<p>University of Brescia, Italy<\/p>\n<h4>Project: Statistical Methods and Tool for Football Analytics<\/h4>\n<p><strong>PhD Student:<\/strong>\u00a0Mattia Cefis, XXXV cycle<\/p>\n<p><strong>Tutor: <\/strong>Eugenio Brentari<br \/>\nPhD thesis Supervisors: Maurizio Carpita and Eugenio Brentari<\/p>\n<p><a class=\"button w-button w--current\" href=\"https:\/\/bodai.unibs.it\/bdsports\/wp-content\/uploads\/sites\/2\/2023\/04\/Tesi-MATTIA-CEFIS.pdf\">Thesis<\/a><\/p>\n<hr \/>\n<h6>PhD in Analytics for Economics and Management<\/h6>\n<p>University of Brescia, Italy<\/p>\n<h4>Project: Statistical Models for Basketball Analytics<\/h4>\n<p><strong>PhD Student:<\/strong>\u00a0Manlio Migliorati, XXXIV cycle<\/p>\n<p><strong>Tutor: <\/strong>Marica Manisera<br \/>\nPhD thesis Supervisors: Marica Manisera and Paola Zuccolotto<\/p>\n<hr \/>\n<h6>PhD in Statistical Sciences<\/h6>\n<p>University of Padova, Italy<\/p>\n<h4>Thesis: Developments in Bayesian Hierarchical Models and Prior Specification with Application to Analysis of Soccer Data<\/h4>\n<p><strong>PhD Student:<\/strong> Leonardo Egidi, XXX cycle<\/p>\n<p><strong>Supervisor: <\/strong>Nicola Torelli<br \/>\n<strong>Co-supervisor: <\/strong>Francesco Pauli<\/p>\n<p><a class=\"button w-button w--current\" href=\"https:\/\/bodai.unibs.it\/bdsports\/wp-content\/uploads\/sites\/2\/2021\/04\/tesi-LEONARDO-EGIDI.pdf\">Thesis<\/a><\/p>\n<hr \/>\n","protected":false},"excerpt":{"rendered":"<p>PhD theses &nbsp; \u00a0PhD in Statistics and Optimisation UPV Universitat Polit\u00e8cnica de Val\u00e8ncia, Spain Thesis: Machine Learning and Multivariate Statistical tools for Football Analytics PhD Student: Mar\u00eda del Pilar Malag\u00f3n Selma Supervisor: Ana Deb\u00f3n Aucejo Co-supervisor:\u00a0Alberto J. Ferrer Riquelme with interniship at University of Brescia, BDsports project (tutor: Maurizio Carpita) Thesis PhD in Analytics for [&hellip;]<\/p>\n","protected":false},"author":1,"featured_media":0,"parent":133,"menu_order":0,"comment_status":"closed","ping_status":"closed","template":"","meta":{"_acf_changed":false,"inline_featured_image":false,"footnotes":""},"class_list":["post-171","page","type-page","status-publish","hentry"],"acf":[],"_links":{"self":[{"href":"https:\/\/bodai.unibs.it\/bdsports\/wp-json\/wp\/v2\/pages\/171","targetHints":{"allow":["GET"]}}],"collection":[{"href":"https:\/\/bodai.unibs.it\/bdsports\/wp-json\/wp\/v2\/pages"}],"about":[{"href":"https:\/\/bodai.unibs.it\/bdsports\/wp-json\/wp\/v2\/types\/page"}],"author":[{"embeddable":true,"href":"https:\/\/bodai.unibs.it\/bdsports\/wp-json\/wp\/v2\/users\/1"}],"replies":[{"embeddable":true,"href":"https:\/\/bodai.unibs.it\/bdsports\/wp-json\/wp\/v2\/comments?post=171"}],"version-history":[{"count":11,"href":"https:\/\/bodai.unibs.it\/bdsports\/wp-json\/wp\/v2\/pages\/171\/revisions"}],"predecessor-version":[{"id":2187,"href":"https:\/\/bodai.unibs.it\/bdsports\/wp-json\/wp\/v2\/pages\/171\/revisions\/2187"}],"up":[{"embeddable":true,"href":"https:\/\/bodai.unibs.it\/bdsports\/wp-json\/wp\/v2\/pages\/133"}],"wp:attachment":[{"href":"https:\/\/bodai.unibs.it\/bdsports\/wp-json\/wp\/v2\/media?parent=171"}],"curies":[{"name":"wp","href":"https:\/\/api.w.org\/{rel}","templated":true}]}}