{"id":145,"date":"2018-12-11T10:00:08","date_gmt":"2018-12-11T10:00:08","guid":{"rendered":"http:\/\/bodai.unibs.it\/bdsports\/?page_id=145"},"modified":"2022-10-21T14:00:41","modified_gmt":"2022-10-21T12:00:41","slug":"conferences","status":"publish","type":"page","link":"https:\/\/bodai.unibs.it\/bdsports\/research\/conferences\/","title":{"rendered":"Conferences"},"content":{"rendered":"<h1>Conferences<\/h1>\n<hr \/>\n<h5>XI CONGRESO IB\u00c9RICO DE BALONCESTO &#8211; IV Congreso Iberoamericano de baloncesto<\/h5>\n<p><em><span class=\"topbar-content\">Vitoria-Gasteiz, 20-22 October 2022<\/span><\/em><\/p>\n<p>Invited contribution: <strong>Using R in basketball research <\/strong>(online)<br \/>\nMarica Manisera and Paola Zuccolotto<\/p>\n<p><a class=\"button w-button w--current\" href=\"https:\/\/cib22.basketbasko.com\/programa\/\">Conference website<\/a><\/p>\n<p><a class=\"button w-button w--current\" href=\"https:\/\/bodai.unibs.it\/bdsports\/wp-content\/uploads\/sites\/2\/2022\/10\/CIB.zip\">Download R code and data<\/a><\/p>\n<hr \/>\n<h5><span id=\"page63R_mcid7\" class=\"markedContent\"><span dir=\"ltr\" role=\"presentation\">13th World Congress of Performance <\/span><span dir=\"ltr\" role=\"presentation\">Analysis of Sport 2022 &amp; 13th International Symposium on Computer Science in Sport<\/span><\/span><\/h5>\n<p><em><span id=\"page63R_mcid7\" class=\"markedContent\"><span dir=\"ltr\" role=\"presentation\">Vienna University, 10-13 September 2022<\/span><\/span><\/em><\/p>\n<p><span id=\"page26R_mcid41\" class=\"markedContent\"><span dir=\"ltr\" role=\"presentation\">Which Achievements Are<\/span> <span dir=\"ltr\" role=\"presentation\">Associated To a Better Offensive<\/span> <span dir=\"ltr\" role=\"presentation\">Performance in NBA? A Survival <\/span><span dir=\"ltr\" role=\"presentation\">Analysis Study (Ambra Macis, <span id=\"page26R_mcid29\" class=\"markedContent\">Marica Manisera, Marco Sandri, Paola Zuccolotto)<\/span><\/span><\/span><\/p>\n<p><a class=\"button w-button w--current\" href=\"https:\/\/wcpas2022.univie.ac.at\/\">Conference Website<\/a><\/p>\n<hr \/>\n<h5><em>Sports Analytics Workshop 2021<\/em><\/h5>\n<p><em>Athens University of Economics and Business, Greece, 24-25 May 2021<\/em><\/p>\n<p><a class=\"button w-button w--current\" href=\"https:\/\/aueb-analytics.wixsite.com\/saw2021\">Conference Website<\/a><\/p>\n<p><a class=\"button w-button w--current\" href=\"https:\/\/youtu.be\/cVSGoOsgma4\">Video link Session 1<\/a>\u00a0<a class=\"button w-button w--current\" href=\"https:\/\/youtu.be\/Pf_bdJ33bD4\">Video link Session 2<\/a>\u00a0<a class=\"button w-button w--current\" href=\"https:\/\/youtu.be\/eBo_fepoMoY\">Video link Session 3<\/a><\/p>\n<p><a class=\"button w-button w--current\" href=\"https:\/\/youtu.be\/HyhKDbgdoWk\">Video link Session 4<\/a>\u00a0<a class=\"button w-button w--current\" href=\"https:\/\/youtu.be\/gUSY5HYXRU8\">Video link Session 5<\/a>\u00a0<a class=\"button w-button w--current\" href=\"https:\/\/youtu.be\/zu_k5eeCd6c\">Video link Session 6<\/a><\/p>\n<hr \/>\n<h5><span class=\"\"><strong class=\"\">4<\/strong><strong class=\"\">th<\/strong><strong class=\"\">\u00a0AFU International Conference<\/strong>:\u00a0<strong class=\"\">T<\/strong>owards\u00a0<strong class=\"\">A<\/strong>dvanced\u00a0<strong class=\"\">S<\/strong>cientific\u00a0<strong class=\"\">K<\/strong>nowledge (TASK4<\/span><span class=\"\">)<\/span><\/h5>\n<p><em>Dubai, 20th May 2021<\/em><\/p>\n<h5>Session 15 &#8211; Sport Analytics<\/h5>\n<p>Organized by <b>Maurizio Carpita<\/b> (University of Brescia)<\/p>\n<p><a class=\"button w-button w--current\" href=\"https:\/\/afu.ac.ae\/en\/task-2021\">Video link<\/a> <a class=\"button w-button w--current\" href=\"https:\/\/drive.google.com\/file\/d\/1TVtCIFF3WeTQiKVHrtGPs76_oPM93BKA\/view?usp=sharing\">Video link <\/a><\/p>\n<hr \/>\n<h5>Statistics and information systems for policy evaluation (ASA 2021)<\/h5>\n<p><em>University of Florence, 26th March 2021<\/em><\/p>\n<h5>Adriano Bacconi &#8211; Match Analyst<br \/>\nMath&amp;Sport &#8211; www.mathandsport.com<\/h5>\n<p>Webinar: La statistica scende in campo &#8211; passato, presente e futuro della match analysis del calcio<\/p>\n<p>Organized by <b>Maurizio Carpita<\/b> (University of Brescia)<\/p>\n<p><a class=\"button w-button w--current\" href=\"https:\/\/www.sa-ijas.org\/ASA2021\/index.php?p=50&amp;l=ita\">ASA link<\/a><\/p>\n<hr \/>\n<h5>Smart Statistics for Smart Applications (SIS 2019)<\/h5>\n<p><em>Universit\u00e0 Cattolica del Sacro Cuore, Milan, 18th &#8211; 21st June 2019<\/em><\/p>\n<p>Sessions: Statistics in sport<\/p>\n<p>Organizer: <b>Leonardo Egidi<br \/>\n<\/b><\/p>\n<p><a class=\"button w-button w--current\" href=\"http:\/\/meetings3.sis-statistica.org\/index.php\/SIS2019\/sis2019\">Conference website<\/a><\/p>\n<hr \/>\n<h5>51es Journ\u00e9es de Statistique (JdS 2019)<\/h5>\n<p><em>Campus des Aiguillettes, l&#8217;Universit\u00e9 de Lorraine &#8211; Vand\u0153uvre-l\u00e8s-Nancy, France, 3rd-7th June 2019<\/em><\/p>\n<p>Sessions: Statistique et sport<\/p>\n<p>Organizer: <b>Christophe Ley<\/b><\/p>\n<p><a class=\"button w-button w--current\" href=\"http:\/\/www.jds2019.sfds.asso.fr\/index.html\">Conference website<\/a><\/p>\n<hr \/>\n<h5>2nd International Conference on Data Science &amp; Social Research (DSSR 2019)<\/h5>\n<p><em>University of IULM &#8211; Milan, Italy, 5th February 2019<\/em><\/p>\n<p>Sessions: Statistics in Sports I-III<\/p>\n<p>Organizer:\u00a0<b>Murizio Carpita<\/b><\/p>\n<p><a class=\"button w-button w--current\" href=\"https:\/\/www.dssr2019.unimib.it\/\">Conference website<\/a><\/p>\n<hr \/>\n<h5><em>Sports Analytics Workshop 2018<\/em><\/h5>\n<p><em>Athens University of Economics and Business, Greece, 26-27 November 2018<\/em><\/p>\n<p>Keynote talks by <strong>Paola Zuccolotto<\/strong> (Basketball Data Science) and <strong>Marica Manisera<\/strong> (High Pressure Performance Big-Data Analytics)<\/p>\n<p>Organizers:\u00a0<b>Ioannis Ntzoufras <\/b>and<b> Dimitris Karlis<br \/>\n<\/b><\/p>\n<p><a class=\"button w-button w--current\" href=\"https:\/\/www.aueb.gr\/en\/content\/aueb-sports-analytics-group-organizes-3rd-sports-analytics-workshop-saw-2018-november-26th\">Conference website<\/a><\/p>\n<hr \/>\n<h5>23rd International Conference on Computational Statistics (COMPSTAT 2018)<\/h5>\n<p><em>University of Iasi, Romania, 28-31 August 2018<\/em><\/p>\n<p>Session:\u00a0BDsports: sports analytics<\/p>\n<p>Organizers:\u00a0<b>Marica Manisera <\/b>and<b> Paola Zuccolotto<\/b><\/p>\n<p><a class=\"button w-button w--current\" href=\"http:\/\/www.compstat2018.org\/\">Conference website<\/a><\/p>\n<hr \/>\n<h5>8th Asia-Pacific Congress on Sports Technology (APCST) 2017<\/h5>\n<p><em>Hilton Hotel, Tel Aviv, Israel, 15-19 October 2017<\/em><\/p>\n<p>Invited Session:\u00a0Generating insights from big data analytics in sports<\/p>\n<p>Organizer:\u00a0<b>Ron Kenett<\/b><\/p>\n<hr \/>\n<h5>IES 2017 &#8211; INNOVATION &amp; SOCIETY 2017 &#8211; Statistical Methods for the Evaluation and Quality<\/h5>\n<p><em>University of Naples Federico II, Italy, 6-7 September 2017<\/em><\/p>\n<p>Session:\u00a0BDSports: Big Data Analytics in Sports<\/p>\n<p>Organizers:\u00a0<b>Marica Manisera <\/b>and<b> Paola Zuccolotto<\/b><\/p>\n<p><a class=\"button w-button w--current\" href=\"http:\/\/meetings3.sis-statistica.org\/index.php\/IES2017\/\">Conference website<\/a><\/p>\n<hr \/>\n<h5>MathSport International 2017<\/h5>\n<p><em>University of Padua, Italy, 26-28 June 2017<\/em><\/p>\n<p>Organizers:\u00a0<b>Marco Ferrante<\/b>\u00a0and\u00a0<b>Francesco Lisi<\/b>\u00a0(see the full Local Organizing Committee on the website)<\/p>\n<p><b>BDSports TEAM PARTICIPATION:<\/b><br \/>\n&#8211;\u00a0<b>Gerhard Tutz<\/b>\u00a0(Ludwig-Maximilians-University, Munich) &#8211; keynote talk (plenary session) &#8211; &#8220;Explaining Success in Sports Competitions: Paired Comparison Methods with Explanatory Variables&#8221;<br \/>\n&#8211;\u00a0<b>Marco Ferrante<\/b>, Giovanni Fonseca and Silvia Pontarollo &#8211; &#8220;A Markovian model for tennis matches with non iid points&#8221;<br \/>\n&#8211;\u00a0<b>Marica Manisera<\/b>,\u00a0<b>Rodolfo Metulini<\/b>\u00a0and\u00a0<b>Paola Zuccolotto<\/b>\u00a0&#8211; &#8220;Sensor Analytics in Basketball&#8221;<br \/>\n&#8211; Anna Eleonora Carrozzo,\u00a0<b>Rosa Arboretti<\/b>\u00a0and\u00a0<b>Luigi Salmaso<\/b>\u00a0&#8211; &#8220;Ranking ski courses using permutation methods for multivariate populations&#8221;<br \/>\n&#8211;\u00a0<b>Andreas Groll<\/b>, Thomas Kneib, Andreas Mayr and\u00a0<b>Gunther Schauberger<\/b>\u00a0&#8211; &#8220;On the Dependency of Soccer Scores &#8211; A Sparse Bivariate Poisson Model for the UEFA European Football Championship 2016&#8221;<br \/>\n&#8211; Andrea Artico, Mario Bolzan,\u00a0<b>Livio Corain<\/b>\u00a0and\u00a0<b>Luigi Salmaso<\/b>\u00a0&#8211; &#8220;Dynamic Sport Performance Indicators with Application to Italian Basket League&#8221;<\/p>\n<p><a class=\"button w-button w--current\" href=\"http:\/\/www.mathsportinternational2017.math.unipd.it\/index.html\">Conference website<\/a><\/p>\n<hr \/>\n<h5>9th International Conference of the ERCIM WG on Computational and Methodological Statistics (CMStatistics 2016)<\/h5>\n<p><em>University of Seville, Spain, 9-11 December 2016<\/em><\/p>\n<p>Session:\u00a0Statistics in Sports<\/p>\n<p>Organizers:\u00a0<b>Marica Manisera <\/b>and<b> Paola Zuccolotto<\/b><\/p>\n<p><a class=\"button w-button w--current\" href=\"http:\/\/cmstatistics.org\/CMStatistics2016\/index.php\">See more<\/a>\u00a0<a class=\"button w-button w--current\" href=\"https:\/\/bodai.unibs.it\/bdsports\/wp-content\/uploads\/sites\/2\/2021\/03\/CMStatistics.zip\">Download slides and pics<\/a><\/p>\n<hr \/>\n<h5>ENBIS-SFdS Spring Meeting on Graphical Causality Models: Trees, Bayesian Networks and Big Data<\/h5>\n<p><em>Paris, 9-11 April 2014<\/em><\/p>\n<p>Talk:\u00a0Discovering the Drivers of Football Match Outcomes with Data Mining<\/p>\n<p>Speaker:\u00a0<b>Paola Zuccolotto<\/b>\u00a0&#8211; Co-authors:\u00a0<b>Maurizio Carpita, Marco Sandri, Anna Simonetto<\/b><\/p>\n<p><a class=\"button w-button w--current\" href=\"http:\/\/springmeeting2014.sfds.asso.fr\/wp-content\/uploads\/2014\/04\/carpita_etal.pdf\">See more<\/a><\/p>\n","protected":false},"excerpt":{"rendered":"<p>Conferences XI CONGRESO IB\u00c9RICO DE BALONCESTO &#8211; IV Congreso Iberoamericano de baloncesto Vitoria-Gasteiz, 20-22 October 2022 Invited contribution: Using R in basketball research (online) Marica Manisera and Paola Zuccolotto Conference website Download R code and data 13th World Congress of Performance Analysis of Sport 2022 &amp; 13th International Symposium on Computer Science in Sport Vienna [&hellip;]<\/p>\n","protected":false},"author":1,"featured_media":0,"parent":83,"menu_order":0,"comment_status":"closed","ping_status":"closed","template":"","meta":{"_acf_changed":false,"inline_featured_image":false,"footnotes":""},"class_list":["post-145","page","type-page","status-publish","hentry"],"acf":[],"_links":{"self":[{"href":"https:\/\/bodai.unibs.it\/bdsports\/wp-json\/wp\/v2\/pages\/145","targetHints":{"allow":["GET"]}}],"collection":[{"href":"https:\/\/bodai.unibs.it\/bdsports\/wp-json\/wp\/v2\/pages"}],"about":[{"href":"https:\/\/bodai.unibs.it\/bdsports\/wp-json\/wp\/v2\/types\/page"}],"author":[{"embeddable":true,"href":"https:\/\/bodai.unibs.it\/bdsports\/wp-json\/wp\/v2\/users\/1"}],"replies":[{"embeddable":true,"href":"https:\/\/bodai.unibs.it\/bdsports\/wp-json\/wp\/v2\/comments?post=145"}],"version-history":[{"count":8,"href":"https:\/\/bodai.unibs.it\/bdsports\/wp-json\/wp\/v2\/pages\/145\/revisions"}],"predecessor-version":[{"id":1978,"href":"https:\/\/bodai.unibs.it\/bdsports\/wp-json\/wp\/v2\/pages\/145\/revisions\/1978"}],"up":[{"embeddable":true,"href":"https:\/\/bodai.unibs.it\/bdsports\/wp-json\/wp\/v2\/pages\/83"}],"wp:attachment":[{"href":"https:\/\/bodai.unibs.it\/bdsports\/wp-json\/wp\/v2\/media?parent=145"}],"curies":[{"name":"wp","href":"https:\/\/api.w.org\/{rel}","templated":true}]}}